remainder when 9 is divided by h?
3
Suppose 89 = 3*q - 2*v, -4*v + 115 = 5*q - 70. Suppose 4*l = 229 - q. What is the remainder when l is divided by 17?
15
Let f(t) = -t**3 + 6*t**2 + 10*t - 1. Let u be f(7). Suppose -x = -4*b - 50, -3*b + b = x - u. Calculate the remainder when 87 is divided by x.
27
Let z be -3 + 3 - 20*(-3)/(-2). What is the remainder when (-2 + 1)*z - (3 + -6) is divided by 13?
7
Suppose -3*x + 166 = 1. Let u = 68 - x. Calculate the remainder when u is divided by 4.
1
Let s(d) = 7*d + 39. What is the remainder when s(5) is divided by 38?
36
Let r be ((-6)/15)/(16/(-120)). Suppose r*k - 5*k + 6 = 0. What is the remainder when 14 is divided by k?
2
Suppose 2*p + 8 = 4*p. What is the remainder when (-76)/(-2) - (-8 + p) is divided by 15?
12
Suppose 57*p + 8694 = 75*p. Calculate the remainder when p is divided by 11.
10
Suppose q - 295 = -5*t, 4*q - 5*q - 111 = -2*t. Suppose 4*k = k + 246. Let z = k - t. Calculate the remainder when z is divided by 9.
6
Let g(s) = -2*s + 3*s - 3*s + 3*s + 4. Suppose 4*d + 0*d - 80 = 4*h, 56 = 3*d + h. What is the remainder when d is divided by g(1)?
4
Let s = 13 - 8. Suppose 2*y = 5*k + 90, y + s*k + 200 = 5*y. Calculate the remainder when y is divided by ((-1)/(-3))/(16/672).
13
Suppose 0 = 13*b - 9*b - 336. What is the remainder when (8/6)/(8/b) is divided by (0 - -12)*(-4)/(-8)?
2
Suppose -5*p + 5 = -2*n - 6, 5*n = p + 7. Suppose -5*a = 4*t - 9*t - 60, -5 = t. Suppose -2*m = -a - 1. Calculate the remainder when m is divided by p.
1
Let t(i) = -3 + 4 - 2*i - 8 + 3*i**2 + 2. Let r be t(-5). Let h = r - 32. What is the remainder when h is divided by 17?
14
Let k = -18 + 25. Suppose -k*y + 6*y + 4 = 0. Calculate the remainder when 10 is divided by y.
2
Suppose 5*r + 25 = 3*z, -24 = -2*z - r - 3*r. Suppose -5*v + z*v - 110 = -4*i, -5*v + 3*i = -145. Calculate the remainder when v is divided by 17.
9
Suppose -18916 - 4163 = -21*a. What is the remainder when a is divided by 50?
49
Suppose 2*w + 0*h - 778 = 3*h, -2*w + 790 = 3*h. Suppose -2*j + w = 12*j. Calculate the remainder when 55 is divided by j.
27
Let d(f) = f**2 + 14*f + 24. Let o be d(-12). Let u = 27 - o. What is the remainder when u is divided by 9?
0
Let a(t) = 14*t - 32. Calculate the remainder when a(13) is divided by 19.
17
Suppose -1489 = -18*t + 5207. Calculate the remainder when t is divided by 63.
57
Calculate the remainder when 581 is divided by 8/40*55 + -3.
5
Suppose -280 = -g + 6*g. Let p = g - -70. What is the remainder when 41 is divided by p?
13
Let a = -1 + 3. Suppose 5*f - a*f - 9 = 0. Suppose -93 + 13 = -20*s. What is the remainder when s is divided by f?
1
Let f be 45/4*40/(-15). Let a = 59 + f. Suppose 0 = -4*y + 39 + a. What is the remainder when y is divided by 9?
8
Let k = 196 - 123. Let i = -50 - -69. What is the remainder when k is divided by i?
16
Let z = 101 + -45. Suppose 0 = -2*i + 5*i - 45. What is the remainder when z is divided by i?
11
Let t(o) = 2*o**2 - 8*o + 5. Suppose -16 = 4*j, 4*q - 3*j - j = -16. Let a = 21 - q. Calculate the remainder when a is divided by t(5).
14
Let f(l) = l**2 - 2*l - 3. Suppose -2*a - 3*x = -32, -53*a = -56*a + 2*x + 9. What is the remainder when a is divided by f(4)?
2
Let i(c) = -10*c - 2. Let g(h) = -41*h - 8. Let b(f) = -2*g(f) + 9*i(f). Calculate the remainder when 40 is divided by b(-2).
12
Suppose 35*q + 145 - 3925 = 0. Calculate the remainder when 315 is divided by q.
99
Suppose -235 = 122*i - 123*i. What is the remainder when i is divided by 15?
10
Let m = 515 + -281. Calculate the remainder when m is divided by 60.
54
Suppose 21 = 2*i + 5*m - 6, -5*i + 4*m + 18 = 0. What is the remainder when -1*i/2 + 68 is divided by 17?
14
Suppose 21*w = 6*w + 2895. Calculate the remainder when w is divided by 28.
25
Suppose -3*d + r = -18, 5*d - 19 = -r - r. Suppose 4*z + 40 = 4*h, -d*h + 20 = 5*z - 30. Calculate the remainder when 57 is divided by h.
7
Suppose -4*g = -12, -4*k + 2*k + 24 = 4*g. What is the remainder when k/15 - 128/(-5) is divided by 14?
12
Suppose 2*c = 2*n + 40, 4*c - n + 0 - 74 = 0. Calculate the remainder when c is divided by 13.
5
Suppose -d - 2*d + 12 = 0. Let m be d*2 - (0 + 3). Calculate the remainder when 30/(-12)*(-4)/m is divided by 1.
0
Let u(d) = -2*d**2 + 8*d - 10. Let n be u(-7). Let y(m) = -234*m**2 + 2*m - 1. Let w be y(1). Let h = n - w. Calculate the remainder when h is divided by 24.
21
Let f(l) = 8*l + 81. Let v = 4 - -28. What is the remainder when v is divided by f(-9)?
5
Let u = -20 - -25. Suppose 5*h + 7*d - 2*d - 30 = 0, 3*d - 34 = -u*h. What is the remainder when 13 is divided by h?
5
Let v = 60 + 8. Suppose -5*o + v = 2*d, 3*o - 32 = 2*d - d. Suppose 0 = 5*r - 37 - 118. What is the remainder when r is divided by o?
7
Suppose 0 = -s + 5*s - 72. Suppose -s*h = -23*h + 185. Calculate the remainder when h is divided by 10.
7
Suppose 0 = -r + m + 2*m + 7, -2*r = -m - 29. Calculate the remainder when (-46 + 0)*(-2 - -1) is divided by r.
14
Suppose -20*p + 12 + 48 = 0. What is the remainder when 11 is divided by (3 - (-3 + p)) + 0?
2
Let g(t) = 5*t**2 - 7*t + 21. What is the remainder when 133 is divided by g(3)?
43
Suppose 0*t = 2*t + 10. Calculate the remainder when 54 is divided by 245/(-14)*4/t.
12
Let j be (-6)/21 + (-30)/(-7). Let n = -67 + 102. Suppose -j*s + n = s. Calculate the remainder when 18 is divided by s.
4
Let g = 87 + 119. Let n = 135 + -83. What is the remainder when g is divided by n?
50
Suppose -3*o + s = -s - 26, 4*o - 3*s - 36 = 0. Suppose o = -0*q + q. Let v = 13 + 4. What is the remainder when v is divided by q?
5
Let u(i) = 3*i**3 + 11*i**2 - 13*i + 8. Let r(t) = -2*t**3 - 11*t**2 + 12*t - 8. Let p(f) = -4*r(f) - 3*u(f). What is the remainder when 28 is divided by p(10)?
10
Suppose 0 = -3*x + 7*x, -4*w = 4*x - 108. Suppose -65 = -5*i + a, -4*i - 7*a = -3*a - 52. What is the remainder when (-335)/(-9) + (-6)/w is divided by i?
11
Let o(r) = 8*r + 4. Let g(j) = 2*j + 4. Let d be g(-10). What is the remainder when o(5) is divided by 13 - 0 - d/8?
14
Let j = -18 + 18. Suppose -t + 2*m + 27 = j, 3*t = 4*m - m + 75. Suppose -5*y + 240 = -3*b, 3*b = -0*b - 15. Calculate the remainder when y is divided by t.
22
Let j = 32 + -21. Let f(s) = -2*s**2 + 23*s + 16. Calculate the remainder when f(j) is divided by 14.
13
Let h(s) = -46*s + 25. What is the remainder when h(-2) is divided by 17?
15
Suppose y = -2*v - 3*v + 376, -3*y = 12. Let b(q) = q**3 + 3*q**2 - 21*q - 52. What is the remainder when v is divided by b(-4)?
12
Let j = -13 + 29. Calculate the remainder when -7 + (3 - -3)/((-1)/(-9)) is divided by j.
15
Let l(j) = -j**3 + 18*j**2 - 2*j + 43. Let v(g) = -g**2 + 6*g + 10. Let u be v(7). Let c = 7 - u. What is the remainder when l(18) is divided by c?
3
Let j(g) = -20*g**2 + 1. Let k be j(-1). Let a = -12 - k. Suppose -a*r + 2*r + 10 = 0. What is the remainder when 2 is divided by r?
0
Let h = 27 - 8. Let q(i) = -i**2 + 21*i + 10. Calculate the remainder when q(h) is divided by 26.
22
Suppose 17 = 5*x + 4*r, 2*r - 6 - 1 = -x. Let m be x/(-3 - 10/(-3)). Suppose 74 = c + m*l - 4*l, c - 68 = -2*l. What is the remainder when c is divided by 15?
12
Let d = 4393 - 2583. Calculate the remainder when d is divided by 49.
46
Let i be (9 - 1)*9/12. Suppose 2*m = i + 12. Suppose 74*u - 1568 - 356 = 0. What is the remainder when u is divided by m?
8
Let x = -1 - -5. Calculate the remainder when 162/90*(0 - -5) is divided by x.
1
Let u = 43 + -34. Let h = 14 + -9. Suppose 0 = 4*w + h*o - 155, -4*w + 143 = 2*o - o. Calculate the remainder when w is divided by u.
8
Suppose 0 = -9*z + 81 + 18. Calculate the remainder when 252 is divided by z.
10
Let i = -70 - -86. Calculate the remainder when 63 is divided by i.
15
Calculate the remainder when 298 is divided by (-3 + (-14)/(-3))/((-10)/(-270)).
28
What is the remainder when (-2)/((-16)/6) - 7896/(-96) is divided by 12?
11
Let i(g) be the second derivative of g**5/20 - 13*g**4/12 + 11*g**2/2 + g. Calculate the remainder when 42 is divided by i(13).
9
Let i(p) be the first derivative of 35*p**2/2 + p - 18. What is the remainder when i(4) is divided by 36?
33
Let h be 28/6*(-30)/(-4). Let f = h + -16. Let j = 44 - 34. Calculate the remainder when f is divided by j.
9
Let k(q) = 12*q. 